reds digit of l?
5
Let s be (4 + 1)/5 - 3. What is the tens digit of 3 + (41 - s) + -1?
4
Let s(q) = 9*q + 115. What is the tens digit of s(-9)?
3
Suppose 0 = 4*h - h - 5*l - 1354, -3*h + 1342 = l. What is the units digit of h?
8
Let u = 5 - -40. Let s = u - 35. What is the units digit of s?
0
Suppose -a - 5 = 7. Let b = 14 + a. What is the units digit of b?
2
Let f be (-1 - -3) + 3 + -29. Let b = -70 + 123. Let a = f + b. What is the units digit of a?
9
Let o = 5908 - 1748. What is the thousands digit of o?
4
Suppose -u = -7*u - 24. What is the hundreds digit of -4 + (183 - 0) + u?
1
Suppose 87 = -3*d + 3*i, d + 4*d + 3*i + 177 = 0. Let y(b) = -2*b**3 + 12*b**2 + 3*b - 32. Let s be y(6). Let q = s - d. What is the units digit of q?
9
Suppose 135*r = 138*r - 3417. What is the tens digit of r?
3
Suppose -3*m - 533 + 170 = 0. Let d = -79 - m. What is the tens digit of d?
4
What is the units digit of (6/(-9)*6471)/(-1)?
4
Suppose -2 = -o - o. Suppose -3*s + o = -2*l + 14, -23 = 5*s - 2*l. Let k = s + 9. What is the units digit of k?
4
Suppose 4*z + 7*z - 550 = 0. What is the tens digit of z?
5
Suppose -44589 = -20*n + 2731. What is the units digit of n?
6
Let b be (-9 + 27)*86/4. Suppose -2192 = -5*p + 5*d - b, -2*d = p - 355. Suppose -5*l + 4*n = -p, l + 13 = -3*n + 81. What is the tens digit of l?
7
Suppose -p = 3*c - 29, 0 = -2*c + 4*p + 18 + 20. What is the units digit of -4 - c/((-22)/48)?
0
Let d = -12 - -16. Let v be ((-264)/15 - d)*30. What is the units digit of (1*-1)/(12/v)?
4
Let r(i) = i + 1. Let h be r(6). Let o be ((-8)/5)/((-32)/80). Let u = h - o. What is the units digit of u?
3
Suppose 43 = -4*z - 109. Let f = z - -71. What is the tens digit of f?
3
Suppose 3 = 3*n - 0, -4*n + 24 = 4*j. What is the units digit of 291 + -6 + j - (0 + -2)?
2
Suppose 3 + 9 = 3*q. Let h be (-3)/3 - (-6)/2. Let j = q + h. What is the units digit of j?
6
Suppose m + 11790 = 5*r, -2*m + 14407 = 9*r - 6815. What is the hundreds digit of r?
3
Let k = 43 + -40. Suppose 3*i - 1 = -2*n + 168, 3*i - k*n - 174 = 0. What is the units digit of i?
7
Let l = 4 + -1. Suppose l*u - u = 94. What is the tens digit of u?
4
Let k(z) = z**3 - 2*z + 32 + 3*z**2 - z**2 + 0*z - 34. Let l = 2 - 0. What is the units digit of k(l)?
0
Suppose -6*f = -21*f + 5730. What is the units digit of f?
2
Suppose r + 0 = 4. Suppose 5*b - r*b = 5*q - 334, -4*q = b - 260. What is the units digit of q?
6
Let j(s) = -6*s**3 - 6*s**2 + 2*s + 8. Let t be j(-4). Let o = t + -78. What is the tens digit of o?
1
Let t be ((-3)/9)/(1/(-9))*-1. What is the units digit of (28 - t)/(((-6)/(-4))/3)?
2
Suppose 0 = -0*u - u + 1. Let l be (0 - u)/(-3 + 2). Suppose -2*d - 43 = -4*a + 35, l = -d. What is the units digit of a?
9
Suppose 4*p + 11 = 4*m + m, 0 = -2*m + 2*p + 4. Suppose 180 = 2*d - 20. Suppose 2*a + m*a - d = 0. What is the tens digit of a?
2
Let i = -217 - -77. Let n = 352 + i. What is the tens digit of n?
1
Let p(j) = -161*j - 36. What is the hundreds digit of p(-1)?
1
Suppose 3*x - 441 = -39. Suppose 0 = 2*t - x - 10. Let y = t - 29. What is the tens digit of y?
4
Let p = 66 - 97. Let z = p - -54. Suppose 5*n - 72 = z. What is the tens digit of n?
1
Let c(z) = -z**2 - 16*z + 5. Let k be (-38)/(-19) + 4*-4. What is the units digit of c(k)?
3
Let b(p) = -47*p - 544. What is the tens digit of b(-15)?
6
Let u(z) = -17*z + 9 - 2*z - 34*z. What is the hundreds digit of u(-3)?
1
Let n(p) = p**2 - 4*p + 5. Let c be n(3). What is the units digit of 4*(c/2)/(4/36)?
6
Let y(r) = -r**2 + 9*r - 13. Let f be y(6). Suppose -4*s + f*u = -18, -4 = -2*u - 0. Let i = s + 43. What is the tens digit of i?
5
Let m(u) = 299*u - 246. What is the hundreds digit of m(10)?
7
What is the units digit of 5/((-165)/(-6)) - 115655/(-55)?
3
Let r = -1215 - -2299. What is the tens digit of r?
8
Let w = -31 - -39. Suppose 4*s + 8 = w*s. What is the units digit of s?
2
Suppose 38*m - 44*m + 8016 = 0. What is the hundreds digit of m?
3
Let c(z) = 10*z**2 - 32*z - 24. What is the units digit of c(12)?
2
Let j = 328 - 273. What is the units digit of j?
5
Let v = -871 + 1404. What is the hundreds digit of v?
5
Let g(b) = -b**3 - 7*b**2 - 4*b - 3. Suppose -5*u - 47 = 3*m + 12, -75 = 4*m + 3*u. Let s = m - -11. What is the tens digit of g(s)?
2
Let r(c) = -54*c + 1. Let s be r(-2). Let t = s - 52. What is the tens digit of t?
5
Let y(t) = -3*t + 5. Let s be (-69)/9 - (-6)/(-18). Let f be y(s). Suppose 4*k - 23 = f. What is the units digit of k?
3
Let a = 15 + -11. Let i = 44 - a. What is the tens digit of i + 5/(15/(-9))?
3
Let s(f) = -2*f**2 - 3*f + 2. Let h be s(2). Suppose o + 4*z = -8, 3 + 1 = -2*o - 4*z. What is the tens digit of 16/h*-12 + o?
2
Let c be (2 - (-6)/(-4))*-94. Suppose 2*p = 4*p - 142. Let l = p + c. What is the units digit of l?
4
Let k = -63 - -65. Suppose k*c + 0*c - 370 = 0. What is the units digit of c?
5
Suppose -2*o = 78 - 96. Let u = o + 67. What is the tens digit of u?
7
Let i be (3/(-6))/((-5)/30). Suppose 9 = -n - i. What is the units digit of (21/12)/((-3)/n)?
7
Let p = -627 + 1188. What is the tens digit of p?
6
Let z = 18 + -26. Let q(x) = -7*x - 5. What is the tens digit of q(z)?
5
Suppose 5*k + 5*h = 50, k = -3*k - 5*h + 43. Suppose -4*g = -k*g - 18. What is the tens digit of (-4)/(-24) - 125/g?
2
What is the tens digit of (15 + 2)/(456/112 - 4)?
3
Let k = -2 + 4. Suppose -k*j + 7*j = 0. Suppose j = 2*u - 4. What is the units digit of u?
2
Let w be ((-54)/(-36))/((-6)/(-28)). Suppose -o + 32 = w*o. Let l(b) = b**3 - b**2 + 5*b - 6. What is the units digit of l(o)?
2
Let m = 172 + -87. What is the units digit of m?
5
Suppose 2*y = -3*s + 16, 4*s - s = 5*y - 19. Let x = y + 10. What is the tens digit of x?
1
Let q(g) = 102*g**2 + 8*g - 2. What is the tens digit of q(3)?
4
Suppose t = 5*x - 2553 - 3917, -5176 = -4*x - 5*t. What is the tens digit of x?
9
Let d(r) = -r**3 - 49*r**2 + 14*r - 20. What is the thousands digit of d(-50)?
1
Let m = -77 + 67. What is the tens digit of (128/3)/(m/(-15))?
6
Let t be 2/7 + (-38)/(-14). Suppose 61 = t*y - 2*y. Suppose 3*d - y = -2*j - 0*d, 5*j - 5*d - 190 = 0. What is the tens digit of j?
3
Let t(n) = n**3 + 8*n**2 + 3*n - 9. Let j(i) = -4*i - 3. Let r be j(-2). Let c(d) = -2*d + 3. Let y be c(r). What is the units digit of t(y)?
9
Let q(k) be the first derivative of 207*k**2/2 + 5*k - 15. What is the units digit of q(1)?
2
Let q = 68 + -39. Let a = q - 27. What is the units digit of a?
2
What is the units digit of (-346)/(-1) - (1 + 4 - 1)?
2
Let x(v) = 2*v**3 + 31*v**2 + 16*v + 20. Let g be x(-15). Suppose g*d + 3*c = 58, 46 = 5*d + 4*c - 13. What is the units digit of d?
1
Let j = 167 + -47. Suppose -d + j = -5*a, -5*d + 101 + 379 = 5*a. What is the units digit of d?
0
Let o = 69 + 258. What is the hundreds digit of o?
3
Let i(v) = v**3 + 48*v**2 + 147*v + 122. What is the hundreds digit of i(-44)?
3
Suppose -2*k = -3*k + 7. Suppose -k*c - 1 = -8*c. What is the units digit of (56/20)/(c/5)?
4
Let o(b) = 15*b - 42. What is the tens digit of o(13)?
5
Let c(a) = -a**3 + 5*a**2 + 2*a - 1. Let n be 3/1 - -1 - -1. What is the units digit of c(n)?
9
Let s(o) = -o**3 + 10*o**2 - 6*o - 2. Let m be (-44)/(-6) - 1*(-2)/(-6). What is the hundreds digit of s(m)?
1
Let h(c) = c + 1. Let i(y) = 7*y - 16. Let m(o) = 2*h(o) - i(o). What is the tens digit of m(-6)?
4
Let y(c) = 36*c - 146. What is the units digit of y(19)?
8
Suppose -7*o = -30 - 418. Let a = o - 28. What is the tens digit of a?
3
What is the units digit of (-17997)/(-6)*(-36)/(-63) + 4?
8
What is the units digit of (27/(-6))/((-26)/468)?
1
Let s(h) be the first derivative of -5*h**2/2 - 4*h + 20. What is the units digit of s(-4)?
6
Let m(x) = x**3 - 4*x**2 - 3*x + 4. What is the units digit of m(17)?
0
Suppose -6*x - 4*x - 300 = 0. What is the tens digit of (x/60)/(-1*1/346)?
7
Let j = 1526 - 884. Let y = j - 395. What is the hundreds digit of y?
2
Let x(p) = 55*p - 6. Let n be x(4). Suppose 2*y = n + 122. What is the tens digit of y?
6
Let r be ((-5)/15)/((-1)/(-12)). Let h(a) = -66*a - 10. What is the tens digit of h(r)?
5
Let j(u) = u**3 + 2*u**2 + u + 4. Let s be j(-2). Let y be -3 + 2 + s + 3. Let r(q) = 4*q**2 - 6*q + 4. What is the units digit of r(y)?
4
Suppose t - 4*k - 1229 = 0, -14*t - 4*k + 6145 